 1 (base 4) to base 9.
1
Convert -9 (base 15) to base 6.
-13
What is -2 (base 13) in base 9?
-2
-3 (base 7) to base 5
-3
Convert 331 (base 5) to base 15.
61
What is 10 (base 2) in base 4?
2
What is -4 (base 6) in base 8?
-4
What is 27 (base 16) in base 12?
33
What is -2 (base 3) in base 4?
-2
What is 4 (base 10) in base 14?
4
5 (base 8) to base 4
11
17 (base 16) to base 13
1a
What is 155 (base 7) in base 6?
225
What is 10 (base 5) in base 12?
5
Convert -257 (base 9) to base 8.
-326
What is -41 (base 8) in base 10?
-33
Convert -6 (base 13) to base 7.
-6
Convert 1021 (base 3) to base 14.
26
What is -52 (base 12) in base 10?
-62
Convert 6 (base 8) to base 3.
20
Convert 13 (base 16) to base 12.
17
-13 (base 9) to base 10
-12
Convert 3233 (base 4) to base 16.
ef
3 (base 16) to base 12
3
Convert 5 (base 6) to base 8.
5
1111 (base 3) to base 15
2a
Convert -10 (base 16) to base 8.
-20
6 (base 12) to base 16
6
What is 110 (base 6) in base 10?
42
151 (base 10) to base 5
1101
What is -443 (base 8) in base 14?
-16b
What is 11 (base 13) in base 2?
1110
-3 (base 4) to base 5
-3
What is -2 (base 7) in base 9?
-2
What is 0 (base 12) in base 14?
0
What is 2 (base 16) in base 2?
10
Convert 30 (base 6) to base 10.
18
1 (base 7) to base 11
1
Convert 79 (base 16) to base 14.
89
What is -3a (base 13) in base 6?
-121
Convert -20020 (base 3) to base 14.
-c0
What is 4 (base 10) in base 15?
4
What is -5 (base 14) in base 10?
-5
What is 6 (base 11) in base 15?
6
What is 0 (base 10) in base 16?
0
201 (base 3) to base 4
103
What is 116 (base 14) in base 15?
e6
-1 (base 7) to base 2
-1
-b (base 16) to base 14
-b
Convert 100 (base 2) to base 12.
4
Convert 6 (base 8) to base 10.
6
Convert -23 (base 6) to base 12.
-13
What is 5 (base 16) in base 14?
5
-3 (base 11) to base 13
-3
Convert -29 (base 10) to base 14.
-21
134 (base 15) to base 16
112
-2 (base 6) to base 5
-2
47 (base 8) to base 9
43
Convert -10 (base 2) to base 13.
-2
Convert 2 (base 15) to base 2.
10
Convert -7 (base 14) to base 10.
-7
Convert -1 (base 11) to base 4.
-1
-1 (base 4) to base 14
-1
a (base 16) to base 8
12
Convert -101 (base 8) to base 16.
-41
Convert 8 (base 15) to base 3.
22
c5 (base 15) to base 2
10111001
Convert -bc (base 14) to base 16.
-a6
What is -10 (base 2) in base 9?
-2
Convert -1 (base 10) to base 9.
-1
Convert -3 (base 6) to base 15.
-3
-34 (base 9) to base 3
-1011
Convert -4 (base 6) to base 16.
-4
Convert 3 (base 7) to base 9.
3
Convert -2 (base 3) to base 15.
-2
15 (base 16) to base 14
17
Convert -e (base 15) to base 16.
-e
What is 20 (base 13) in base 15?
1b
-34 (base 10) to base 9
-37
Convert 10 (base 3) to base 2.
11
What is 1 (base 15) in base 5?
1
Convert -10011 (base 2) to base 16.
-13
-26 (base 11) to base 10
-28
What is 4 (base 11) in base 13?
4
-2 (base 3) to base 14
-2
Convert -121 (base 7) to base 3.
-2101
What is 253 (base 6) in base 11?
96
What is -4 (base 9) in base 10?
-4
Convert -81 (base 10) to base 5.
-311
-111 (base 12) to base 9
-184
Convert 21 (base 8) to base 10.
17
-2 (base 8) to base 7
-2
What is 16 (base 15) in base 13?
18
Convert b (base 12) to base 11.
10
Convert 9 (base 11) to base 5.
14
-20 (base 16) to base 6
-52
208 (base 9) to base 8
252
Convert 1 (base 10) to base 4.
1
Convert 3 (base 14) to base 7.
3
What is 41 (base 10) in base 7?
56
Convert -10011 (base 2) to base 15.
-14
40 (base 8) to base 12
28
Convert -74 (base 9) to base 7.
-124
-21 (base 8) to base 14
-13
46 (base 16) to base 7
130
-36 (base 13) to base 5
-140
Convert -11 (base 3) to base 6.
-4
What is -2100 (base 4) in base 9?
-170
What is 3 (base 15) in base 13?
3
What is -2 (base 3) in base 5?
-2
5 (base 10) to base 12
5
What is 101000 (base 2) in base 14?
2c
-50 (base 15) to base 10
-75
2 (base 8) to base 9
2
-14 (base 8) to base 14
-c
2 (base 8) to base 5
2
Convert -3 (base 8) to base 14.
-3
-10 (base 3) to base 16
-3
504 (base 6) to base 2
10111000
-5b (base 12) to base 14
-51
-23 (base 5) to base 4
-31
-7 (base 14) to base 11
-7
What is -11 (base 11) in base 7?
-15
What is 30 (base 8) in base 6?
40
-7 (base 13) to base 4
-13
-a8 (base 13) to base 8
-212
-10 (base 2) to base 5
-2
Convert 30 (base 8) to base 3.
220
Convert -86 (base 12) to base 5.
-402
Convert 32 (base 6) to base 12.
18
Convert 1 (base 8) to base 2.
1
Convert 102 (base 3) to base 10.
11
What is -4 (base 8) in base 16?
-4
Convert -1 (base 9) to base 2.
-1
What is 1 (base 14) in base 2?
1
0 (base 10) to base 8
0
Convert -2 (base 15) to base 14.
-2
What is 1b8 (base 12) in base 8?
434
Convert 25 (base 10) to base 3.
221
Convert 3 (base 13) to base 5.
3
What is 33 (base 4) in base 5?
30
What is -46 (base 8) in base 6?
-102
What is 10 (base 2) in base 16?
2
4 (base 7) to base 16
4
-3 (base 10) to base 16
-3
Convert 3 (base 7) to base 3.
10
Convert 4 (base 14) to base 9.
4
What is 15 (base 7) in base 2?
1100
Convert 30 (base 6) to base 13.
15
Convert 2 (base 10) to base 2.
10
What is 7 (base 8) in base 7?
10
What is -3 (base 7) in base 12?
-3
133 (base 4) to base 10
31
What is 11 (base 4) in base 7?
5
a (base 15) to base 16
a
What is -172 (base 9) in base 8?
-222
-10 (base 6) to base 10
-6
Convert -4 (base 16) to base 11.
-4
What is 10110 (base 2) in base 15?
17
What is 2 (base 5) in base 16?
2
Convert 8 (base 11) to base 3.
22
What is -9 (base 10) in base 14?
-9
What is -53 (base 9) in base 11?
-44
Convert -1205 (base 6) to base 3.
-101212
Convert 22 (base 3) to base 14.
8
What is -34 (base 15) in base 4?
-301
What is -27 (base 11) in base 5?
-104
140 (base 5) to base 14
33
Convert 1112 (base 3) to base 12.
35
What is 131 (base 11) in base 15?
a5
What is -a3 (base 16) in base 5?
-1123
What is -1 (base 12) in base 5?
-1
4 (base 12) to base 7
4
-4a (base 16) to base 15
-4e
What is 134 (base 6) in base 5?
213
Convert -242 (base 5) to base 12.
-60
What is 3 (base 7) in base 9?
3
Convert 77 (base 8) to base 16.
3f
Convert -1 (base 16) to base 10.
-1
Convert -221 (base 3) to base 5.
-100
What is 0 (base 3) in base 14?
0
-100 (base 4) to base 12
-14
What is 11 (base 2) in base 7?
3
What is 0 (base 10) in base 3?
0
What is 11 (base 12) in base 14?
d
Convert -3 (base 13) to base 15.
-3
Convert -54 (base 7) to base 12.
-33
60 (base 9) to base 4
312
Convert 3c (base 13) to base 3.
1220
What is 241 (base 5) in base 7?
131
Convert -112 (base 3) to base 5.
-24
Convert -233 (base 6) to base 7.
-162
What is 1 (base 12) in base 9?
1
Convert 75 (base 14) to base 8.
147
Convert -17 (base 11) to base 10.
-18
What is 0 (base 7) in base 9?
0
What is -101 (base 4) in base 10?
-17
3 (base 5) to base 4
3
Convert -65 (base 7) to base 10.
-47
Convert 152 (base 16) to base 6.
1322
Convert 31 (base 9) to base 6.
44
What is -2101 (base 3) in base 8?
-100
-3 (base 5) to base 9
-3
7a (base 16) to base 12
a2
-2b (base 16) to base 2
-101011
-3 (base 4) to base 8
-3
What is 443 (base 5) in base 7?
234
What is -11 (base 13) in base 10?
-14
Convert 22 (base 10) to base 16.
16
Convert -1c (base 15) to base 14.
-1d
What is 100 (base 3) in base 9?
10
-61 (base 12) to base 11
-67
What is 8 (base 15) in base 16?
8
What is -1 (base 14) in base 6?
-1
Convert -11 (base 9) to base 5.
-20
Convert 74 (base 8) to base 16.
3c
Convert 12 (base 6) to base 13.
8
2 (base 7) to base 3
2
-21 (base 9) to base 10
-19
What is 152 (base 6) in base 11?
62
310 (base 4) to base 5
202
What is 10 (base 8) in base 12?
8
What is 117 (base 9) in base 6?
241
What is 0 (base 5) in base 6?
0
100001 (base 2) to base 6
53
What is -1010 (base 2) in base 12?
-a
What is -14 (base 13) in base 5?
-32
What is -10012 (base 3) in base 5?
-321
Convert 61 (base 9) to base 5.
210
Convert 3 (base 11) to base 7.
3
-2 (base 12) to base 15
-2
-114 (base 9) to base 14
-6a
What is -75 (base 14) in base 12?
-87
1 (base 7) to base 8
1
Convert 5 (base 6) to base 8.
5
What is 12210 (base 3) in base 6?
420
53 (base 11) to base 16
3a
Convert 2 (base 14) to base 13.
2
Convert -27 (base 12) to base 4.
-133
-5 (base 8) to base 9
-5
52 (base 9) to base 3
1202
What is 111 (base 2) in base 5?
12
What is 1 (base 4) in base 11?
1
Convert -20 (base 6) to base 5.
-22
-31 (base 9) to base 11
-26
Convert 1 (base 12) to base 14.
1
1b (base 13) to base 14
1a
Convert 2 (base 6) to base 12.
2
Convert -1a (base 16) to base 4.
-122
Wha